{"id":3,"date":"2024-07-15T15:56:32","date_gmt":"2024-07-15T15:56:32","guid":{"rendered":"http:\/\/abrazandolacrianza.com\/?page_id=3"},"modified":"2024-09-16T09:09:07","modified_gmt":"2024-09-16T09:09:07","slug":"privacy-policy","status":"publish","type":"page","link":"https:\/\/abrazandolacrianza.com\/cat\/privacy-policy\/","title":{"rendered":"Privacy Policy"},"content":{"rendered":"<div data-elementor-type=\"wp-page\" data-elementor-id=\"3\" class=\"elementor elementor-3\">\n\t\t\t\t<div class=\"elementor-element elementor-element-2086927 e-con-full e-flex wpr-particle-no wpr-jarallax-no wpr-parallax-no wpr-sticky-section-no e-con e-parent\" data-id=\"2086927\" data-element_type=\"container\" data-settings=\"{&quot;background_background&quot;:&quot;classic&quot;}\">\n\t\t\t\t<div class=\"elementor-element elementor-element-cd8bdc3 elementor-widget__width-initial elementor-widget elementor-widget-heading\" data-id=\"cd8bdc3\" data-element_type=\"widget\" data-widget_type=\"heading.default\">\n\t\t\t\t<div class=\"elementor-widget-container\">\n\t\t\t<h2 class=\"elementor-heading-title elementor-size-default\">Pol\u00edtica de privacidad<\/h2>\t\t<\/div>\n\t\t\t\t<\/div>\n\t\t\t\t<\/div>\n\t\t<div class=\"elementor-element elementor-element-a4a987f e-con-full e-flex wpr-particle-no wpr-jarallax-no wpr-parallax-no wpr-sticky-section-no e-con e-parent\" data-id=\"a4a987f\" data-element_type=\"container\">\n\t\t\t\t<div class=\"elementor-element elementor-element-932dba6 elementor-widget elementor-widget-text-editor\" data-id=\"932dba6\" data-element_type=\"widget\" data-widget_type=\"text-editor.default\">\n\t\t\t\t<div class=\"elementor-widget-container\">\n\t\t\t\t\t\t\t<p class=\"p1\"><span style=\"color: #000000;\"><b>Informaci\u00f3n general<br \/><br \/><\/b><\/span>Su privacidad es importante para nosotros, as\u00ed que, mediante este documento, le explicamos qu\u00e9 datos recogemos de los usuarios, como los utilizamos y para qu\u00e9, entre otras indicaciones.<\/p><p class=\"p3\">La presente Pol\u00edtica de Privacidad tiene como finalidad dar a conocer las condiciones que rigen la recogida y tratamiento de sus datos personales por parte de nuestra entidad para velar por los derechos fundamentales, su honor y libertades, todo ello en cumplimiento de las normativas vigentes que regulan la Protecci\u00f3n de Datos personales: el Reglamento 2016\/679, del Parlamento Europeo y del Consejo, del 27 de abril de 2016, relativo a la protecci\u00f3n de las personas f\u00edsicas en lo que respecta al tratamiento de datos personales y a la circulaci\u00f3n de estos datos, (en adelante RGPD); y la Ley Org\u00e1nica 3\/2018, de 5 de diciembre, de Protecci\u00f3n de Datos Personales y garant\u00eda de los derechos digitales (en adelante LOPDGDD).<\/p><p class=\"p4\">En conformidad con dichas normativas, necesitamos disponer de su autorizaci\u00f3n y consentimiento para la recogida y el tratamiento de sus datos personales, por lo que a continuaci\u00f3n, le indicamos todos los detalles de su inter\u00e9s respecto a c\u00f3mo realizamos estos procesos, con qu\u00e9 finalidades, que otras entidades podr\u00edan tener acceso a sus datos y cu\u00e1les son sus derechos.<\/p><p class=\"p1\"><b>Responsable. \u00bfQui\u00e9n es el Responsable del tratamiento de sus datos?<\/b><\/p><p class=\"p1\">El Responsable del Tratamiento de Datos es aquella persona f\u00edsica o jur\u00eddica, de naturaleza p\u00fablica o privada, u \u00f3rgano administrativo, que solo o conjuntamente con otros determine los fines y medios del tratamiento de datos personales.<\/p><p class=\"p1\">Le informamos que el responsable del tratamiento de datos es Abrazando la crianza , con domicilio en XXXXXXX, y puede ser contactado a trav\u00e9s de crianzaconscienteariadna@gmail.com<span class=\"s2\">.<\/span><\/p><p class=\"p3\">Para su informaci\u00f3n, nunca pediremos m\u00e1s informaci\u00f3n de la que realmente necesitaremos para los servicios requeridos; nunca la compartiremos con terceros, excepto por obligaci\u00f3n legal o con su autorizaci\u00f3n previa; y nunca utilizaremos sus datos para otra finalidad no indicada previamente.<\/p><p class=\"p1\"><b>Finalidad. \u00bfCon qu\u00e9 finalidad tratamos sus datos personales?<\/b><\/p><p class=\"p1\">Los datos personales recopilados a trav\u00e9s de los correos electr\u00f3nicos y\/o formularios de contacto (nombre y correo electr\u00f3nico) se mantendr\u00e1 confidencial y protegida.<\/p><p class=\"p7\">Los datos personales recopilados son tratados para las siguientes finalidades:<\/p><p class=\"p7\">&#8211; Reservas de sesiones: Dar respuesta a la solicitud, gestionar las reservas y confirmaciones de sesi\u00f3n.<\/p><ul class=\"ul1\"><li class=\"li7\"><span class=\"s4\">Para responder a las consultas y solicitudes de informaci\u00f3n de pacientes y terceros \/<span class=\"Apple-converted-space\">\u00a0 <\/span>proporcionar respuesta e informaci\u00f3n solicitada por el usuario.<\/span><\/li><\/ul><p class=\"p1\">En ning\u00fan caso trataremos sus datos personales para ning\u00fan otro fin, ni se entregar\u00e1 a terceras personas sin su consentimiento, excepto por obligaci\u00f3n legal o requerimiento judicial<span class=\"s5\">.<\/span><\/p><p class=\"p10\"><b>Legitimaci\u00f3n. \u00bfCu\u00e1l es la legitimaci\u00f3n para el tratamiento de sus datos?<\/b><\/p><p class=\"p7\">El tratamiento de tus datos se realiza con las siguientes bases jur\u00eddicas que legitiman el mismo:<\/p><p class=\"p3\">La base legal para el tratamiento de los datos es su consentimiento otorgado en el momento de dar sus datos en el formulario correspondiente para llevar a cabo las finalidades, en el momento de marcaci\u00f3n de la casilla de verificaci\u00f3n.<\/p><p class=\"p3\">El no facilitar los datos personales solicitados o el no aceptar la presente pol\u00edtica de privacidad supone la imposibilidad de conseguir las finalidades anteriormente descritas<span class=\"s6\">.<\/span><\/p><p class=\"p10\"><b>Conservaci\u00f3n. \u00bfPor cu\u00e1nto tiempo conservaremos sus datos?<\/b><\/p><p class=\"p1\">Sus datos se conservar\u00e1n mientras dure la relaci\u00f3n comercial con nosotros o ejerce su derecho de cancelaci\u00f3n u oposici\u00f3n, o limitaci\u00f3n al tratamiento. Sin embargo, conservaremos sus datos en los plazos legalmente previstos en las disposiciones aplicables<span class=\"s7\">.<\/span><\/p><p class=\"p14\"><b>Destinatarios. \u00bfA qu\u00e9 destinatarios se comunicar\u00e1n sus datos?<\/b><\/p><p class=\"p4\">Estos datos ser\u00e1n tratados por \u201cAriadna Granados Serrano\u201d. Algunas herramientas que se utilizan en abrazandolacrianza.com para tratar los datos personales proporcionados por los usuarios son propiedad de terceros, bajo sus propias condiciones de privacidad<span class=\"s8\">.<\/span><\/p><p class=\"p15\"><span class=\"s8\"><b>Google Analytics<\/b><\/span>: para realizar un an\u00e1lisis y m\u00e9trica del uso que los usuarios hacen de la web a trav\u00e9s de las cookies. La informaci\u00f3n que generan y recopilan estas cookies sobre el uso (incluyendo la direcci\u00f3n IP) ser\u00e1 directamente transmitida y archivada por Google Inc., ubicada en Delaware, 1600 Amphitheatre Parkway, montar\u00e9 View (California), CA 94043 de Estados Unidos ( \u00bb Google \u00ab), en sus servidores de Estados Unidos.<\/p><p class=\"p15\"><span class=\"s8\"><b>Email Marketing<\/b><\/span>: se utiliza para el servicio de mail marketing: KAJABI, LLC<\/p><p class=\"p15\"><span class=\"s8\"><b>Gesti\u00f3n de citas online:<\/b><\/span>\u00a0CALENDLY, LLC. Empresa ubicada en 115 E Main St., Ste A1BBuford, GA 30518, Estados Unidos.<\/p><p class=\"p10\"><b>Derechos. \u00bfCu\u00e1les son sus derechos cuando nos facilita sus datos?<\/b><\/p><p class=\"p1\"><span class=\"s8\">L<\/span>a normativa vigente de protecci\u00f3n de datos le ampara en una serie de derechos en relaci\u00f3n con el uso que le damos a sus datos personales. Todos y cada uno de sus derechos son unipersonales e intransferibles, es decir, que \u00fanicamente pueden ser ejercidos por el titular de los datos, previa comprobaci\u00f3n de su identidad. Como usuario-interesado, puede solicitar el ejercicio de los siguientes derechos enviando un correo electr\u00f3nico crianzaconscienteariadna@gmail.com.<\/p><p class=\"p3\">Los interesados tienen derecho a:<\/p><ul class=\"ul1\"><li class=\"li7\"><b><\/b><span class=\"s4\"><b>Derecho de acceso:<\/b>\u00a0permite al interesado conocer y obtener informaci\u00f3n sobre sus datos de car\u00e1cter personal sometidos a tratamiento.<\/span><\/li><li class=\"li7\"><b><\/b><span class=\"s4\"><b>Derecho de rectificaci\u00f3n<\/b>: permite corregir errores y modificar los datos que resulten ser inexactos o incompletos<\/span><\/li><li class=\"li7\"><b><\/b><span class=\"s4\"><b>Derecho de supresi\u00f3n<\/b>: permite que se supriman los datos que sean inadecuados o excesivos<\/span><\/li><li class=\"li7\"><b><\/b><span class=\"s4\"><b>Derecho de oposici\u00f3n<\/b>: derecho del interesado a que no se lleve a cabo el tratamiento de sus datos de car\u00e1cter personal o se cese en el mismo.<\/span><\/li><li class=\"li7\"><b><\/b><span class=\"s4\"><b>Limitaci\u00f3n del tratamiento<\/b>: conlleva el marcado de los datos personales conservados, con el fin de limitar su futuro tratamiento, para el ejercicio o la defensa de reclamaciones.<\/span><\/li><li class=\"li7\"><b><\/b><span class=\"s4\"><b>Portabilidad de los datos<\/b>: facilitaci\u00f3n de los datos objeto de tratamiento al interesado, para que \u00e9ste pueda transmitir a otro responsable, sin impedimentos.<\/span><\/li><\/ul><p class=\"p17\"><b>Procedencia. \u00bfC\u00f3mo hemos obtenido sus datos?<\/b><\/p><p class=\"p19\">Visitar la web de \u201c<a href=\"https:\/\/nuriagarciasolivellas.com\/\"><span class=\"s10\">https:\/\/abrazandolacrianza.com\/<\/span><\/a>\u201d no supone que el usuario est\u00e9 obligado a facilitar ninguna informaci\u00f3n sobre s\u00ed mismo.<\/p><p class=\"p20\">Cuando un usuario se conecta al sitio web para enviar un correo al titular, est\u00e1 facilitando informaci\u00f3n de car\u00e1cter personal como pueden ser el nombre, apellidos o la direcci\u00f3n de correo electr\u00f3nico. Al facilitar esta informaci\u00f3n el usuario da su consentimiento para que estos datos sean recopilados, utilizados, gestionados y almacenados por abrazandolacrianza.com<\/p><p class=\"p20\">Los datos personales en abrazandolacrianza.com proceden de<span class=\"s5\">:<\/span><\/p><ol class=\"ol1\"><li class=\"li21\"><span class=\"s4\">Consultas y solicitudes de informaci\u00f3n de pacientes y terceros: el propio interesado o su representante legal. En el formulario de nuestra p\u00e1gina web se solicitar\u00e1 el nombre y la direcci\u00f3n de correo electr\u00f3nico.<\/span><\/li><li class=\"li21\"><span class=\"s4\">Reservas de visitas: el propio interesado o su representante legal.<\/span><\/li><\/ol><p class=\"p10\">Por otra parte, solo podr\u00e1n contratar nuestros servicios las personas mayores de 18 a\u00f1os. En caso de menores de 18 a\u00f1os, ser\u00e1 condici\u00f3n obligatoria el consentimiento de sus padres o tutores legales para que podamos prestar los servicios ofertados, salvo que el menor est\u00e9 emancipado.<\/p><p class=\"p10\"><b>Consentimiento y aceptaci\u00f3n <\/b><\/p><p class=\"p1\">La aceptaci\u00f3n del presente documento indica que usted entiende y acepta todas las cl\u00e1usulas de nuestra pol\u00edtica de privacidad por lo que autoriza la recogida y el tratamiento de sus datos personales en estos t\u00e9rminos. El usuario que facilite datos personales trav\u00e9s del correo electr\u00f3nico de \u201cNuria Garc\u00eda Solivellas\u201d, est\u00e1 proporcionando voluntariamente datos de car\u00e1cter personal. En los formularios de contacto esta aceptaci\u00f3n se realiza mediante la activaci\u00f3n de la casilla de verificaci\u00f3n donde se indica que la informaci\u00f3n reflejada en la Pol\u00edtica de Privacidad y el Aviso Legal ha sido le\u00edda y aceptada<span class=\"s1\">. <\/span><\/p><p class=\"p23\">En la plataforma de reserva de visitas esta aceptaci\u00f3n se realiza durante el registro mediante la activaci\u00f3n de la casilla de verificaci\u00f3n donde se indica que la informaci\u00f3n reflejada en la Pol\u00edtica de Privacidad y en el Aviso Legal ha sido le\u00edda y aceptada.<\/p><p>\u00a0<\/p><p class=\"p14\"><b>INFORMACI\u00d3N ADICIONAL<\/b><\/p><p class=\"p1\"><b>Medidas de Seguridad <\/b><\/p><p class=\"p1\">Los datos que nos facilite se tratar\u00e1n de forma confidencial. El prestador ha adoptado todas las medidas t\u00e9cnicas y organizativas y todos los niveles de protecci\u00f3n necesarios para garantizar la seguridad en el tratamiento de los datos y evitar su alteraci\u00f3n, p\u00e9rdida, robo, tratamiento o acceso no autorizado, de acuerdo al estado de la tecnolog\u00eda y naturaleza de los datos almacenados<span class=\"s7\">.\u00a0<\/span><\/p>\t\t\t\t\t\t<\/div>\n\t\t\t\t<\/div>\n\t\t\t\t<\/div>\n\t\t\t\t<\/div>","protected":false},"excerpt":{"rendered":"<p>Pol\u00edtica de privacidad Informaci\u00f3n general Su privacidad es importante para nosotros, as\u00ed que, mediante este documento, le explicamos qu\u00e9 datos recogemos de los usuarios, como los utilizamos y para qu\u00e9, entre otras indicaciones. La presente Pol\u00edtica de Privacidad tiene como finalidad dar a conocer las condiciones que rigen la recogida y tratamiento de sus datos personales por parte de nuestra entidad para velar por los derechos fundamentales, su honor y libertades, todo ello en cumplimiento de las normativas vigentes que regulan la Protecci\u00f3n de Datos personales: el Reglamento 2016\/679, del Parlamento Europeo y del Consejo, del 27 de abril de 2016, relativo a la protecci\u00f3n de las personas f\u00edsicas en lo que respecta al tratamiento de datos personales y a la circulaci\u00f3n de estos datos, (en adelante RGPD); y la Ley Org\u00e1nica 3\/2018, de 5 de diciembre, de Protecci\u00f3n de Datos Personales y garant\u00eda de los derechos digitales (en adelante LOPDGDD). En conformidad con dichas normativas, necesitamos disponer de su autorizaci\u00f3n y consentimiento para la recogida y el tratamiento de sus datos personales, por lo que a continuaci\u00f3n, le indicamos todos los detalles de su inter\u00e9s respecto a c\u00f3mo realizamos estos procesos, con qu\u00e9 finalidades, que otras entidades podr\u00edan tener acceso a sus datos y cu\u00e1les son sus derechos. Responsable. \u00bfQui\u00e9n es el Responsable del tratamiento de sus datos? El Responsable del Tratamiento de Datos es aquella persona f\u00edsica o jur\u00eddica, de naturaleza p\u00fablica o privada, u \u00f3rgano administrativo, que solo o conjuntamente con otros determine los fines y medios del tratamiento de datos personales. Le informamos que el responsable del tratamiento de datos es Abrazando la crianza , con domicilio en XXXXXXX, y puede ser contactado a trav\u00e9s de crianzaconscienteariadna@gmail.com. Para su informaci\u00f3n, nunca pediremos m\u00e1s informaci\u00f3n de la que realmente necesitaremos para los servicios requeridos; nunca la compartiremos con terceros, excepto por obligaci\u00f3n legal o con su autorizaci\u00f3n previa; y nunca utilizaremos sus datos para otra finalidad no indicada previamente. Finalidad. \u00bfCon qu\u00e9 finalidad tratamos sus datos personales? Los datos personales recopilados a trav\u00e9s de los correos electr\u00f3nicos y\/o formularios de contacto (nombre y correo electr\u00f3nico) se mantendr\u00e1 confidencial y protegida. Los datos personales recopilados son tratados para las siguientes finalidades: &#8211; Reservas de sesiones: Dar respuesta a la solicitud, gestionar las reservas y confirmaciones de sesi\u00f3n. Para responder a las consultas y solicitudes de informaci\u00f3n de pacientes y terceros \/\u00a0 proporcionar respuesta e informaci\u00f3n solicitada por el usuario. En ning\u00fan caso trataremos sus datos personales para ning\u00fan otro fin, ni se entregar\u00e1 a terceras personas sin su consentimiento, excepto por obligaci\u00f3n legal o requerimiento judicial. Legitimaci\u00f3n. \u00bfCu\u00e1l es la legitimaci\u00f3n para el tratamiento de sus datos? El tratamiento de tus datos se realiza con las siguientes bases jur\u00eddicas que legitiman el mismo: La base legal para el tratamiento de los datos es su consentimiento otorgado en el momento de dar sus datos en el formulario correspondiente para llevar a cabo las finalidades, en el momento de marcaci\u00f3n de la casilla de verificaci\u00f3n. El no facilitar los datos personales solicitados o el no aceptar la presente pol\u00edtica de privacidad supone la imposibilidad de conseguir las finalidades anteriormente descritas. Conservaci\u00f3n. \u00bfPor cu\u00e1nto tiempo conservaremos sus datos? Sus datos se conservar\u00e1n mientras dure la relaci\u00f3n comercial con nosotros o ejerce su derecho de cancelaci\u00f3n u oposici\u00f3n, o limitaci\u00f3n al tratamiento. Sin embargo, conservaremos sus datos en los plazos legalmente previstos en las disposiciones aplicables. Destinatarios. \u00bfA qu\u00e9 destinatarios se comunicar\u00e1n sus datos? Estos datos ser\u00e1n tratados por \u201cAriadna Granados Serrano\u201d. Algunas herramientas que se utilizan en abrazandolacrianza.com para tratar los datos personales proporcionados por los usuarios son propiedad de terceros, bajo sus propias condiciones de privacidad. Google Analytics: para realizar un an\u00e1lisis y m\u00e9trica del uso que los usuarios hacen de la web a trav\u00e9s de las cookies. La informaci\u00f3n que generan y recopilan estas cookies sobre el uso (incluyendo la direcci\u00f3n IP) ser\u00e1 directamente transmitida y archivada por Google Inc., ubicada en Delaware, 1600 Amphitheatre Parkway, montar\u00e9 View (California), CA 94043 de Estados Unidos ( \u00bb Google \u00ab), en sus servidores de Estados Unidos. Email Marketing: se utiliza para el servicio de mail marketing: KAJABI, LLC Gesti\u00f3n de citas online:\u00a0CALENDLY, LLC. Empresa ubicada en 115 E Main St., Ste A1BBuford, GA 30518, Estados Unidos. Derechos. \u00bfCu\u00e1les son sus derechos cuando nos facilita sus datos? La normativa vigente de protecci\u00f3n de datos le ampara en una serie de derechos en relaci\u00f3n con el uso que le damos a sus datos personales. Todos y cada uno de sus derechos son unipersonales e intransferibles, es decir, que \u00fanicamente pueden ser ejercidos por el titular de los datos, previa comprobaci\u00f3n de su identidad. Como usuario-interesado, puede solicitar el ejercicio de los siguientes derechos enviando un correo electr\u00f3nico crianzaconscienteariadna@gmail.com. Los interesados tienen derecho a: Derecho de acceso:\u00a0permite al interesado conocer y obtener informaci\u00f3n sobre sus datos de car\u00e1cter personal sometidos a tratamiento. Derecho de rectificaci\u00f3n: permite corregir errores y modificar los datos que resulten ser inexactos o incompletos Derecho de supresi\u00f3n: permite que se supriman los datos que sean inadecuados o excesivos Derecho de oposici\u00f3n: derecho del interesado a que no se lleve a cabo el tratamiento de sus datos de car\u00e1cter personal o se cese en el mismo. Limitaci\u00f3n del tratamiento: conlleva el marcado de los datos personales conservados, con el fin de limitar su futuro tratamiento, para el ejercicio o la defensa de reclamaciones. Portabilidad de los datos: facilitaci\u00f3n de los datos objeto de tratamiento al interesado, para que \u00e9ste pueda transmitir a otro responsable, sin impedimentos. Procedencia. \u00bfC\u00f3mo hemos obtenido sus datos? Visitar la web de \u201chttps:\/\/abrazandolacrianza.com\/\u201d no supone que el usuario est\u00e9 obligado a facilitar ninguna informaci\u00f3n sobre s\u00ed mismo. Cuando un usuario se conecta al sitio web para enviar un correo al titular, est\u00e1 facilitando informaci\u00f3n de car\u00e1cter personal como pueden ser el nombre, apellidos o la direcci\u00f3n de correo electr\u00f3nico. Al facilitar esta informaci\u00f3n el usuario da su consentimiento para que estos datos sean recopilados, utilizados, gestionados y almacenados por abrazandolacrianza.com Los datos personales en abrazandolacrianza.com proceden<\/p>","protected":false},"author":1,"featured_media":0,"parent":0,"menu_order":0,"comment_status":"closed","ping_status":"open","template":"","meta":{"_monsterinsights_skip_tracking":false,"_monsterinsights_sitenote_active":false,"_monsterinsights_sitenote_note":"","_monsterinsights_sitenote_category":0,"site-sidebar-layout":"no-sidebar","site-content-layout":"page-builder","ast-site-content-layout":"full-width-container","site-content-style":"default","site-sidebar-style":"default","ast-global-header-display":"","ast-banner-title-visibility":"","ast-main-header-display":"","ast-hfb-above-header-display":"","ast-hfb-below-header-display":"","ast-hfb-mobile-header-display":"","site-post-title":"disabled","ast-breadcrumbs-content":"","ast-featured-img":"disabled","footer-sml-layout":"","theme-transparent-header-meta":"","adv-header-id-meta":"","stick-header-meta":"","header-above-stick-meta":"","header-main-stick-meta":"","header-below-stick-meta":"","astra-migrate-meta-layouts":"default","ast-page-background-enabled":"default","ast-page-background-meta":{"desktop":{"background-color":"","background-image":"","background-repeat":"repeat","background-position":"center center","background-size":"auto","background-attachment":"scroll","background-type":"","background-media":"","overlay-type":"","overlay-color":"","overlay-opacity":"","overlay-gradient":""},"tablet":{"background-color":"","background-image":"","background-repeat":"repeat","background-position":"center center","background-size":"auto","background-attachment":"scroll","background-type":"","background-media":"","overlay-type":"","overlay-color":"","overlay-opacity":"","overlay-gradient":""},"mobile":{"background-color":"","background-image":"","background-repeat":"repeat","background-position":"center center","background-size":"auto","background-attachment":"scroll","background-type":"","background-media":"","overlay-type":"","overlay-color":"","overlay-opacity":"","overlay-gradient":""}},"ast-content-background-meta":{"desktop":{"background-color":"var(--ast-global-color-5)","background-image":"","background-repeat":"repeat","background-position":"center center","background-size":"auto","background-attachment":"scroll","background-type":"","background-media":"","overlay-type":"","overlay-color":"","overlay-opacity":"","overlay-gradient":""},"tablet":{"background-color":"var(--ast-global-color-5)","background-image":"","background-repeat":"repeat","background-position":"center center","background-size":"auto","background-attachment":"scroll","background-type":"","background-media":"","overlay-type":"","overlay-color":"","overlay-opacity":"","overlay-gradient":""},"mobile":{"background-color":"var(--ast-global-color-5)","background-image":"","background-repeat":"repeat","background-position":"center center","background-size":"auto","background-attachment":"scroll","background-type":"","background-media":"","overlay-type":"","overlay-color":"","overlay-opacity":"","overlay-gradient":""}},"footnotes":""},"aioseo_notices":[],"_links":{"self":[{"href":"https:\/\/abrazandolacrianza.com\/cat\/wp-json\/wp\/v2\/pages\/3"}],"collection":[{"href":"https:\/\/abrazandolacrianza.com\/cat\/wp-json\/wp\/v2\/pages"}],"about":[{"href":"https:\/\/abrazandolacrianza.com\/cat\/wp-json\/wp\/v2\/types\/page"}],"author":[{"embeddable":true,"href":"https:\/\/abrazandolacrianza.com\/cat\/wp-json\/wp\/v2\/users\/1"}],"replies":[{"embeddable":true,"href":"https:\/\/abrazandolacrianza.com\/cat\/wp-json\/wp\/v2\/comments?post=3"}],"version-history":[{"count":6,"href":"https:\/\/abrazandolacrianza.com\/cat\/wp-json\/wp\/v2\/pages\/3\/revisions"}],"predecessor-version":[{"id":2233,"href":"https:\/\/abrazandolacrianza.com\/cat\/wp-json\/wp\/v2\/pages\/3\/revisions\/2233"}],"wp:attachment":[{"href":"https:\/\/abrazandolacrianza.com\/cat\/wp-json\/wp\/v2\/media?parent=3"}],"curies":[{"name":"wp","href":"https:\/\/api.w.org\/{rel}","templated":true}]}}